s digit of 422?
2
What is the units digit of 8509?
9
What is the hundreds digit of 8081?
0
What is the hundreds digit of 5180?
1
What is the thousands digit of 1857?
1
What is the units digit of 9?
9
What is the tens digit of 1398?
9
What is the hundred thousands digit of 126431?
1
What is the units digit of 1406?
6
What is the units digit of 7942?
2
What is the hundreds digit of 708?
7
What is the tens digit of 31360?
6
What is the hundred thousands digit of 125437?
1
What is the units digit of 28709?
9
What is the units digit of 14876?
6
What is the tens digit of 2042?
4
What is the units digit of 110417?
7
What is the thousands digit of 2508?
2
What is the hundreds digit of 1387?
3
What is the units digit of 12203?
3
What is the tens digit of 679?
7
What is the ten thousands digit of 68966?
6
What is the tens digit of 511?
1
What is the hundreds digit of 131219?
2
What is the hundreds digit of 1382?
3
What is the thousands digit of 8175?
8
What is the hundreds digit of 77638?
6
What is the units digit of 881?
1
What is the units digit of 4800?
0
What is the thousands digit of 129487?
9
What is the thousands digit of 67085?
7
What is the thousands digit of 74517?
4
What is the units digit of 560?
0
What is the hundreds digit of 124648?
6
What is the hundreds digit of 899?
8
What is the units digit of 4995?
5
What is the units digit of 104?
4
What is the hundred thousands digit of 118812?
1
What is the ten thousands digit of 13539?
1
What is the units digit of 1414?
4
What is the units digit of 49361?
1
What is the units digit of 84726?
6
What is the units digit of 2133?
3
What is the tens digit of 2067?
6
What is the hundreds digit of 15197?
1
What is the units digit of 9975?
5
What is the units digit of 801?
1
What is the thousands digit of 6699?
6
What is the units digit of 604?
4
What is the tens digit of 7495?
9
What is the hundreds digit of 1479?
4
What is the hundreds digit of 2645?
6
What is the units digit of 887?
7
What is the units digit of 90023?
3
What is the thousands digit of 46286?
6
What is the units digit of 97137?
7
What is the thousands digit of 1438?
1
What is the hundreds digit of 804?
8
What is the hundreds digit of 27305?
3
What is the tens digit of 210?
1
What is the hundreds digit of 1167?
1
What is the units digit of 6278?
8
What is the tens digit of 4830?
3
What is the tens digit of 2235?
3
What is the hundreds digit of 504?
5
What is the units digit of 2995?
5
What is the hundreds digit of 1042?
0
What is the units digit of 2913?
3
What is the units digit of 18197?
7
What is the hundreds digit of 693?
6
What is the hundreds digit of 6067?
0
What is the tens digit of 62330?
3
What is the ten thousands digit of 32948?
3
What is the hundreds digit of 31774?
7
What is the units digit of 7905?
5
What is the thousands digit of 14329?
4
What is the units digit of 3438?
8
What is the hundreds digit of 858?
8
What is the thousands digit of 32838?
2
What is the hundreds digit of 69787?
7
What is the units digit of 828?
8
What is the units digit of 11227?
7
What is the hundreds digit of 2981?
9
What is the units digit of 5802?
2
What is the tens digit of 9085?
8
What is the hundreds digit of 1305?
3
What is the tens digit of 17028?
2
What is the units digit of 162057?
7
What is the units digit of 109819?
9
What is the units digit of 1292?
2
What is the units digit of 76666?
6
What is the units digit of 1369?
9
What is the thousands digit of 2312?
2
What is the thousands digit of 5454?
5
What is the hundreds digit of 933?
9
What is the tens digit of 1036?
3
What is the units digit of 35814?
4
What is the thousands digit of 1513?
1
What is the tens digit of 3455?
5
What is the hundreds digit of 43709?
7
What is the hundreds digit of 15198?
1
What is the units digit of 1337?
7
What is the thousands digit of 5461?
5
What is the thousands digit of 1151?
1
What is the tens digit of 6401?
0
What is the units digit of 5224?
4
What is the hundreds digit of 817?
8
What is the hundreds digit of 950?
9
What is the ten thousands digit of 20868?
2
What is the units digit of 361?
1
What is the thousands digit of 81672?
1
What is the units digit of 15075?
5
What is the tens digit of 5087?
8
What is the units digit of 11076?
6
What is the hundreds digit of 3664?
6
What is the thousands digit of 8447?
8
What is the thousands digit of 8708?
8
What is the ten thousands digit of 23259?
2
What is the tens digit of 10730?
3
What is the units digit of 11828?
8
What is the ten thousands digit of 20771?
2
What is the hundreds digit of 85118?
1
What is the units digit of 663?
3
What is the hundreds digit of 8189?
1
What is the ten thousands digit of 126554?
2
What is the tens digit of 93583?
8
What is the units digit of 138108?
8
What is the ten thousands digit of 35587?
3
What is the tens digit of 41683?
8
What is the hundreds digit of 69112?
1
What is the ten thousands digit of 73380?
7
What is the thousands digit of 16125?
6
What is the tens digit of 805?
0
What is the tens digit of 1022?
2
What is the units digit of 2270?
0
What is the units digit of 1765?
5
What is the hundreds digit of 414?
4
What is the hundreds digit of 4429?
4
What is the units digit of 3756?
6
What is the units digit of 1196?
6
What is the units digit of 39226?
6
What is the hundreds digit of 370?
3
What is the units digit of 87?
7
What is the thousands digit of 4009?
4
What is the ten thousands digit of 55403?
5
What is the units digit of 48136?
6
What is the tens digit of 7896?
9
What is the tens digit of 3825?
2
What is the hundreds digit of 47047?
0
What is the tens digit of 578?
7
What is the tens digit of 3068?
6
What is the units digit of 9909?
9
What is the tens digit of 821?
2
What is the thousands digit of 55091?
5
What is the tens digit of 52091?
9
What is the units digit of 149781?
1
What is the hundreds digit of 337?
3
What is the thousands digit of 5023?
5
What is the thousands digit of 10974?
0
What is the hundreds digit of 835?
8
What is the tens digit of 49660?
6
What is the thousands digit of 6453?
6
What is the thousands digit of 15447?
5
What is the units digit of 4549?
9
What is the ten thousands digit of 18262?
1
What is the units digit of 32430?
0
What is the thousands digit of 1433?
1
What is the units digit of 779?
9
What is the hundreds digit of 4001?
0
What is the ten thousands digit of 40929?
4
What is the hundreds digit of 3462?
4
What is the units digit of 373?
3
What is the hundreds digit of 938?
9
What is the hundreds digit of 55060?
0
What is the tens digit of 977?
7
What is the units digit of 58576?
6
What is the hundred thousands digit of 125047?
1
What is the units digit of 56467?
7
What is the units digit of 2346?
6
What is the thousands digit of 9227?
9
What is the tens digit of 5170?
7
What is the hundreds digit of 7381?
3
What is the hundreds digit of 2168?
1
What is the thousands digit of 2098?
2
What is the ten thousands digit of 49425?
4
What is the hundreds digit of 27607?
6
What is the tens digit of 17947?
4
What is the hundreds digit of 552?
5
What is the hundreds digit of 23530?
5
What is the units digit of 2074?
4
What is the tens digit of 5370?
7
What is the tens digit of 3349?
4
What is the tens digit of 3097?
9
What is the units digit of 972?
2
What is the thousands digit of 5437?
5
What is the hundreds digit of 6089?
0
What is the tens digit of 51815?
1
What is the hundreds digit of 554?
5
What is the tens digit of 7136?
3
What is the units digit of 1284?
4
What is the units digit of 106118?
8
What is the thousands digit of 13361?
3
What is the thousands digit of 1017?
1
What is the units digit of 237?
7
What is the units digit of 1058?
8
What is the hundreds digit of 5128?
1
What is the hundreds digit of 35120?
1
What is the units digit of 682?
2
What is the units digit of 2283?
3
What is the units digit of 4379?
9
What is the hundreds digit of 12476?
4
What is the thousands digit of 2885?
2
What is the ten thousands digit of 60787?
6
What is the tens digit of 12104?
0
What is the units digit of 3295?
5
What is the hundreds digit of 190?
1
What is the tens digit of 33980?
8
What is the units digit of 5373?
3
What is the tens digit of 29?
2
What is the ten thousands digit of 12031?
1
What is the units digit of 5023?
3
